 478. Is a a composite number?
False
Suppose -318750 - 341110 = -10*f. Is f prime?
False
Let y = -56 - -653. Let h = 848 - y. Is h prime?
True
Let n(g) = -4*g**2 + 94*g - 9. Let a be n(27). Suppose -5*v + 0*v + 2950 = 0. Let b = v + a. Is b composite?
True
Let k(d) = 86*d**2 + 5*d + 3. Is k(-2) a prime number?
True
Suppose p = -8 - 1. Let x = p - -9. Is 1 + (-104)/(x - 2) a prime number?
True
Suppose 3*m - 5 - 10 = 0. Suppose -m*u + 316 = -1159. Suppose -9*x + u = -4*x. Is x a composite number?
False
Suppose -2*l + 5*k = -l - 6, -2*k - 1 = l. Is 6326/(-1 - (-3)/l) composite?
False
Suppose 0 = 23*j + 13170 - 136933. Is j a prime number?
True
Suppose 2*t + 24 = 8*t. Suppose h = -t*i + 7, -3*i + 0*h - 5*h - 16 = 0. Suppose 12 = 2*s - 5*d - 390, i*s = -d + 569. Is s composite?
False
Let r(p) = -15*p**3 - 30*p - 173. Is r(-6) composite?
True
Let k(f) = -1. Let x(n) = -278*n + 13. Let z(h) = -2*k(h) - x(h). Is z(6) a composite number?
False
Let b(d) = d**2 + 4*d + 10. Let u be b(-5). Suppose -5*c + 0 - u = 0. Is 4*c/6 + 189 a composite number?
True
Is (1226/(-6))/((-10)/30) prime?
True
Suppose 0 = 2*y + 2, 14*y - 407321 = -3*f + 16*y. Is f composite?
True
Let n(h) = h + 4. Let f be n(-2). Suppose 3*p + 2*q = 8, -q = f*p + 3*q. Suppose 4602 = 10*o - p*o. Is o prime?
False
Let h(f) = 11299*f - 49. Is h(2) composite?
False
Let i(b) = -3*b**3 + b**2 + 2*b. Let q be i(-4). Let w(d) = -3*d**3 + 8*d**2 - d + 7. Let y be w(-7). Suppose q = -5*m + y. Is m a prime number?
False
Is (3 + 97 + 6)*(-1996)/(-8) composite?
True
Suppose 4*v + 20 = 0, j + 12*v = 17*v + 11802. Is j prime?
True
Let k(h) = h**2 - 9*h - 6. Let b(x) = -2*x**2 + 17*x + 13. Let z(q) = -3*b(q) - 5*k(q). Is z(13) a composite number?
True
Let q(m) = -4*m**3 + 2*m + 0*m**3 + 1 + 0*m**3. Let s be q(-1). Suppose -s*t + 57 = -102. Is t composite?
False
Suppose n + 8 = -l, l = -4*n + n - 30. Let o(x) = 39*x - 7. Let c be o(n). Let j = 743 + c. Is j a composite number?
False
Suppose 0 = 8*m - 31 - 1. Let p(j) = 748*j + 25. Is p(m) a prime number?
False
Let j(t) = -240*t**3 - 5*t**2 - 4*t - 3. Let i be j(-3). Suppose 4*a = 16*a - i. Is a a composite number?
True
Suppose -3*l - 3*h + 49 + 65 = 0, l + 4*h = 32. Let r = 77 - l. Is r a prime number?
True
Let r(h) = -h**3 + 14*h**2 - 2*h + 33. Let q be r(14). Suppose q*p - 235 = 4*p. Is p a prime number?
False
Suppose l - 4*u - 11070 = 1493, -2*l + 25152 = 5*u. Is l composite?
True
Suppose 6*x = 8*x - 8. Suppose -1962 = -2*t + x*t. Let k = t + 1412. Is k prime?
True
Suppose 45*y - 41*y = 105724. Is y prime?
True
Suppose 13*v - 26 + 0 = 0. Is v/5 + (29019/15 - 4) a prime number?
True
Let q(h) = 2*h + 22. Let p be q(11). Is 147/84*1*p a composite number?
True
Suppose -d + 3*h = 12, 2 + 2 = 3*d - h. Suppose 5*n + 20 = 4*j, d*j - 20 = 2*j + 5*n. Is 45 + (-6)/(3 + j) prime?
True
Let u(y) = -y**3 + 14*y**2 - 35*y - 17. Is u(8) composite?
True
Suppose 0 = -4*f - 5*p + 54165, 0*p = f + p - 13540. Is f a prime number?
False
Let j(y) = 170*y - 45. Let m be j(4). Suppose 0 = 4*g + 5*w - 74, -25 = -5*g - w + 78. Suppose -g*x - m = -26*x. Is x composite?
False
Let z be (-2)/(-18)*6*-6. Let w be 2 - (-3)/(-6)*z. Suppose 0 = -4*p - p, w*f + 5*p = 716. Is f a composite number?
False
Suppose 0 = 6*d + 1 - 55. Suppose d*q = 4247 - 1241. Is q a prime number?
False
Let j be -3 + 658 - (-4 - -3). Let a = 985 - j. Is a a composite number?
True
Suppose 19*j - 18*j - 821 = 0. Is j a composite number?
False
Let j(h) = -2*h**2 + 14*h + 5. Let a be j(7). Let m(l) = -2*l + 12. Let z be m(a). Suppose -z*v + 276 = b, 0 = -2*b - 3*b - 4*v + 1374. Is b a prime number?
False
Let o(h) = 68*h - 9. Let u(a) = a**2 + 2*a + 4. Let j be u(0). Is o(j) a prime number?
True
Let s = 141 + -143. Let g(r) = 422*r**2 - 3*r - 1. Is g(s) prime?
True
Let s(d) = d**2 - 6*d - 7. Let z be s(5). Is -3*16/z - -139 a composite number?
True
Let y = 14 - 4. Suppose -y*o + 12*o = 3242. Is o composite?
False
Let f(s) = 17*s**2 - s - 5. Let a = 15 + -19. Is f(a) composite?
False
Is 2/(-3) + 55255/15 composite?
True
Let r(g) = -10*g - 21 + 11*g - 3*g + 232. Is r(0) a prime number?
True
Let i = 54 + -52. Suppose -i*k + k + 106 = 0. Is k a prime number?
False
Let f be ((-2)/6)/(0 + 3/45). Is (-3236)/f + (-7)/35 composite?
False
Suppose -6*p = -10*p + 536. Suppose 7*v = 5*v + p. Is v composite?
False
Let d = 473 + -210. Let m = -52 - d. Let u = -22 - m. Is u a composite number?
False
Let o(k) = 7*k**2 - 20*k + 13. Is o(-12) a composite number?
True
Let r(s) = -3*s + 22. Let b be r(9). Let o = b + 9. Suppose -5*h + 4*k + 1625 = 0, -o*h + 7*k + 1291 = 2*k. Is h a prime number?
False
Is 5*(-24)/(-40) - -17464 prime?
True
Let x = -344 - -1675. Suppose 373 = -2*h - 5*o + x, 0 = -3*o. Is h prime?
True
Suppose -16*j = 57*j - 372665. Is j composite?
True
Let o be (-2 - -1)/3 - 58780/(-30). Let f = o - 1040. Is f prime?
True
Suppose 4*w + 924 = -7848. Let m = w + 5626. Is m a composite number?
False
Suppose 5*a = -42 - 33. Is a/(-10) + 310/4 a prime number?
True
Suppose 4*q + 44 = 5*g - 434, -5*g + 5*q + 475 = 0. Suppose 0 = 4*l - 2*z - 1768, g = l + 2*z - 349. Is l a prime number?
True
Let h(j) = 18623*j**2 + 35*j + 35. Is h(-1) a prime number?
False
Is (-8284)/(-5) + 20/100 a prime number?
True
Let s(i) = 59*i**2 + 5*i + 8. Let q be s(-4). Let h = q + -447. Is h a prime number?
False
Let z = -7 - -5. Let k(p) = -263*p + 1. Let h(t) = -263*t + 1. Let s(b) = -3*h(b) + 4*k(b). Is s(z) composite?
True
Let x be 4/((-12)/(-3))*4. Suppose 0*c = -2*c + x*l + 20, -5*c - 3*l + 24 = 0. Let r(f) = -f**3 + 8*f**2 + f - 7. Is r(c) a composite number?
False
Let m(l) be the first derivative of l**3/3 - 6*l - 10. Let h be m(-3). Suppose 2*p + 8*a = h*a + 774, a = 2*p - 798. Is p composite?
False
Suppose -5*g = 0, -11 + 1 = -2*x - 5*g. Let f be x/(-15) - 1928/(-6). Suppose -f = -5*r - 36. Is r a composite number?
True
Suppose 43 = 3*k - 62. Is k a composite number?
True
Suppose -653*x + 649*x = -16204. Is x a composite number?
False
Let f = -2228 - -7797. Is f a composite number?
False
Let v be 336/10 + 15/(-25). Suppose 661 = 4*t + v. Is t prime?
True
Let b = -134 - -136. Is (90/(-60))/(b/(-286 - -2)) a composite number?
True
Let k be -2 - 0/((-4)/1). Let h(i) = -10*i**2 + 2*i - 1. Let l be h(k). Let d = l + 191. Is d composite?
True
Let i be (-4 - (-7)/2)*-24 - 3. Is (2 + -1863)/(3/(i/(-3))) prime?
True
Let t be -1 + (-3 - 30/(-2)) + -1. Suppose t*i - 12*i = -1574. Is i prime?
True
Let h be ((-40)/(-16))/(2/4). Suppose h*m - 23 = 5*z + 57, 70 = 5*m - 3*z. Is m a prime number?
True
Let g(q) = 145*q + 39. Is g(20) a prime number?
True
Let o(g) = 463*g + 192. Is o(19) prime?
False
Suppose 28*u + 26872 = 36*u. Is u prime?
True
Let o(a) = -a**3 + 2*a**2 + 17*a - 3. Let k be o(7). Is (-12)/(-3) - k - 2 a prime number?
True
Let a = 13 - 9. Suppose -a*f - 19 + 67 = 0. Is f/(-3)*366/(-8) composite?
True
Let p(o) = -o**3 - 4*o**2 - 4*o + 2. Let v be p(-2). Is 1 + 289 + v/(6/9) a prime number?
True
Let y(x) = 17*x**2 - 2*x + 7. Is y(5) a composite number?
True
Suppose -311*k - 77197 = -328*k. Is k a prime number?
False
Let g = 15 - 12. Let s be g/(-3*3/6). Is 4/((-8)/(-26)) - s prime?
False
Let d(o) = 21*o**2 - 42*o + 20. Is d(19) a prime number?
True
Is (-13173)/2*(0 + 20/(-6)) composite?
True
Let y(d) = d**2 - d + 4301. Let n be y(0). Suppose -4*b + 4*a + 8616 = -0*b, -n = -2*b - 5*a. Is b prime?
True
Suppose -4*u + 4*n + 32 = -0*u, 5*u - 3*n = 36. Let p = u + -4. Suppose 0 = -3*c + 3, -3*x - 5*c = -p*x - 114. Is x prime?
True
Suppose 3*h - 4*v + 4518 = 0, -2*h + 2*v - 879 = 2133. Is 42/9*(-1)/4*h a prime number?
False
Let h(u) = u**2 - 11*u + 2. Let d be h(11). Suppose -d = -w, 0*v + 4*v + w = 10. Is v/(-5) + 2244/60 composite?
False
Let m(f) be the third derivative of -91*f**6/24 - f**4/24 - 4*f**2. Let z be m(-1). Suppose -596 = -4*p + z. Is p a composite number?
False
Let q(j) = 2*j**2 - 4*j + 2. Let a be q(2). Let v = a + 1. Suppose -5*s - 573 = -v*k, 2*k - 5*s = 5*k - 573. Is k prime?
True
Suppose 0 = -4*i + 4, 4*i - 2*i = 4*l + 222. Let y = 218 - 254. Let z = y - l. Is z a prime number?
True
Let j be 6/(-14) + 192/(-42). Let d(g) = 15*g**2 + g + 5. Let t(v) = -16*v**2 - 5. Let n(o) = j*d(o) - 6*t(o). Is n(4) a composite number?
True
Let 